{"id":77,"date":"2020-11-02T17:07:59","date_gmt":"2020-11-02T16:07:59","guid":{"rendered":"http:\/\/cboessy.com\/?page_id=77"},"modified":"2020-11-03T21:18:12","modified_gmt":"2020-11-03T20:18:12","slug":"presentation","status":"publish","type":"page","link":"https:\/\/cboessy.com\/index.php\/presentation\/","title":{"rendered":"Pr\u00e9sentation"},"content":{"rendered":"\n<figure class=\"wp-block-table is-style-stripes\"><table><tbody><tr><td>En quelques mots<\/td><\/tr><\/tbody><\/table><\/figure>\n\n\n\n<figure class=\"wp-block-table\"><table><tbody><tr><td>&nbsp;Je suis informaticien ind\u00e9pendant (Freelance) depuis une <strong>vingtaine <\/strong>d&rsquo;ann\u00e9es.<br>Je travaille dans l&rsquo;informatique \u00e0 diff\u00e9rents postes (MOA, d\u00e9veloppement) dans diff\u00e9rents secteurs d&rsquo;activit\u00e9s (industrie, \u00e9nergie, m\u00e9dical, bancaire, etc&#8230;).<\/td><\/tr><\/tbody><\/table><\/figure>\n\n\n\n<figure class=\"wp-block-table is-style-stripes\"><table><tbody><tr><td>Mes qualit\u00e9s<\/td><\/tr><\/tbody><\/table><\/figure>\n\n\n\n<figure class=\"wp-block-table\"><table><tbody><tr><td>Je suis&nbsp;<strong>proactif<\/strong>,&nbsp;<strong>inventif<\/strong>&nbsp;(Qualit\u00e9s que j&rsquo;ai acquises durant mes exp\u00e9riences professionnelles). J&rsquo;aimerais&nbsp;apporter&nbsp;<strong>un regard neuf<\/strong>&nbsp;sur les syst\u00e8mes d&rsquo;informations des entreprises&nbsp;et \u00eatre&nbsp;<strong>force de proposition<\/strong>.<br><br>Je n&rsquo;ai pas peur de prendre des&nbsp;<strong>initiatives<\/strong>.&nbsp;Je pense aussi que ma&nbsp;<strong>polyvalence<\/strong>&nbsp;(MOA\/MOE) est un plus car de ce fait je connais les probl\u00e9matiques des m\u00e9tiers de l&rsquo;informatique et ainsi pouvoir les anticiper.<br><br>Enfin j&rsquo;aimerais refaire de la MOA surtout sur SAP (peu importe le module). Il s&rsquo;agit d&rsquo;une technologie que j&rsquo;appr\u00e9cie tout particuli\u00e8rement.<br>Cela ne me fait pas peur de&nbsp;<strong>monter en comp\u00e9tence<\/strong>&nbsp;sur d&rsquo;autres langages de programmation.<\/td><\/tr><\/tbody><\/table><\/figure>\n\n\n\n<p><\/p>\n","protected":false},"excerpt":{"rendered":"<p>En quelques mots &nbsp;Je suis informaticien ind\u00e9pendant (Freelance) depuis une vingtaine d&rsquo;ann\u00e9es.Je travaille dans l&rsquo;informatique \u00e0 diff\u00e9rents postes (MOA, d\u00e9veloppement) dans diff\u00e9rents secteurs d&rsquo;activit\u00e9s (industrie, \u00e9nergie, m\u00e9dical, bancaire, etc&#8230;). Mes qualit\u00e9s Je suis&nbsp;proactif,&nbsp;inventif&nbsp;(Qualit\u00e9s que j&rsquo;ai acquises durant mes exp\u00e9riences professionnelles). J&rsquo;aimerais&nbsp;apporter&nbsp;un regard neuf&nbsp;sur les syst\u00e8mes d&rsquo;informations des entreprises&nbsp;et \u00eatre&nbsp;force de proposition. Je n&rsquo;ai pas peur&hellip; <\/p>\n","protected":false},"author":1,"featured_media":0,"parent":0,"menu_order":0,"comment_status":"closed","ping_status":"closed","template":"","meta":{"footnotes":""},"class_list":["post-77","page","type-page","status-publish","hentry"],"_links":{"self":[{"href":"https:\/\/cboessy.com\/index.php\/wp-json\/wp\/v2\/pages\/77","targetHints":{"allow":["GET"]}}],"collection":[{"href":"https:\/\/cboessy.com\/index.php\/wp-json\/wp\/v2\/pages"}],"about":[{"href":"https:\/\/cboessy.com\/index.php\/wp-json\/wp\/v2\/types\/page"}],"author":[{"embeddable":true,"href":"https:\/\/cboessy.com\/index.php\/wp-json\/wp\/v2\/users\/1"}],"replies":[{"embeddable":true,"href":"https:\/\/cboessy.com\/index.php\/wp-json\/wp\/v2\/comments?post=77"}],"version-history":[{"count":2,"href":"https:\/\/cboessy.com\/index.php\/wp-json\/wp\/v2\/pages\/77\/revisions"}],"predecessor-version":[{"id":306,"href":"https:\/\/cboessy.com\/index.php\/wp-json\/wp\/v2\/pages\/77\/revisions\/306"}],"wp:attachment":[{"href":"https:\/\/cboessy.com\/index.php\/wp-json\/wp\/v2\/media?parent=77"}],"curies":[{"name":"wp","href":"https:\/\/api.w.org\/{rel}","templated":true}]}}